 of 218 and 4.
2
Calculate the greatest common divisor of 2236 and 156.
52
What is the greatest common factor of 114 and 1520?
38
What is the greatest common divisor of 65 and 169?
13
Calculate the highest common factor of 464 and 29.
29
What is the greatest common divisor of 130 and 598?
26
Calculate the greatest common factor of 4 and 25.
1
What is the highest common factor of 567 and 1071?
63
What is the greatest common divisor of 15 and 32265?
15
Calculate the greatest common divisor of 40 and 296.
8
Calculate the greatest common divisor of 35 and 6895.
35
Calculate the greatest common factor of 2847 and 39.
39
Calculate the highest common divisor of 108 and 81.
27
What is the greatest common divisor of 16578 and 216?
54
What is the highest common factor of 18 and 17388?
18
Calculate the greatest common divisor of 120 and 165.
15
What is the greatest common divisor of 140 and 4060?
140
What is the highest common factor of 27931 and 31?
31
What is the highest common divisor of 21 and 741?
3
What is the highest common divisor of 90 and 690?
30
What is the greatest common divisor of 273 and 182?
91
Calculate the highest common divisor of 44 and 396.
44
What is the highest common factor of 488 and 8?
8
Calculate the highest common divisor of 70 and 630.
70
Calculate the highest common factor of 225 and 375.
75
Calculate the greatest common divisor of 574 and 246.
82
Calculate the highest common divisor of 76 and 646.
38
Calculate the greatest common factor of 6106 and 86.
86
What is the highest common factor of 52 and 156?
52
What is the greatest common factor of 8232 and 224?
56
Calculate the highest common factor of 18 and 531.
9
Calculate the greatest common factor of 40 and 40.
40
Calculate the highest common divisor of 38 and 3078.
38
Calculate the greatest common factor of 2 and 146.
2
Calculate the highest common factor of 76 and 1748.
76
What is the highest common factor of 186 and 1054?
62
Calculate the greatest common divisor of 84 and 476.
28
Calculate the greatest common divisor of 1815 and 30.
15
What is the greatest common divisor of 111 and 185?
37
Calculate the greatest common factor of 3350 and 134.
134
What is the greatest common divisor of 693 and 189?
63
Calculate the highest common factor of 275 and 979.
11
Calculate the highest common factor of 68 and 51.
17
What is the greatest common divisor of 18261 and 9?
9
What is the greatest common factor of 5 and 35?
5
What is the highest common factor of 1050 and 90?
30
Calculate the highest common factor of 258 and 6.
6
Calculate the highest common divisor of 13133 and 92.
23
Calculate the greatest common factor of 42 and 903.
21
What is the greatest common divisor of 4631 and 11?
11
What is the greatest common factor of 91 and 55783?
91
Calculate the highest common factor of 330 and 190.
10
What is the greatest common divisor of 310 and 186?
62
What is the highest common factor of 3679 and 13?
13
What is the highest common divisor of 39 and 1677?
39
What is the greatest common factor of 2065 and 140?
35
What is the greatest common divisor of 114 and 42?
6
Calculate the greatest common factor of 126 and 840.
42
Calculate the highest common divisor of 26 and 338.
26
Calculate the greatest common factor of 5 and 1620.
5
What is the highest common divisor of 144 and 117?
9
Calculate the highest common divisor of 51 and 357.
51
Calculate the highest common divisor of 2550 and 1785.
255
What is the highest common divisor of 255 and 70635?
255
What is the highest common factor of 1088 and 1326?
34
What is the highest common divisor of 114 and 285?
57
What is the greatest common divisor of 95 and 266?
19
What is the greatest common factor of 536 and 938?
134
Calculate the greatest common factor of 52 and 28.
4
What is the greatest common factor of 191 and 1?
1
What is the highest common factor of 664 and 16?
8
What is the greatest common factor of 30 and 90?
30
What is the highest common factor of 10 and 1390?
10
Calculate the greatest common divisor of 15 and 39.
3
What is the greatest common factor of 42 and 273?
21
Calculate the greatest common divisor of 1 and 8.
1
What is the highest common divisor of 1016 and 8?
8
What is the highest common factor of 308 and 66?
22
What is the greatest common factor of 174 and 58?
58
What is the highest common factor of 3 and 3108?
3
What is the highest common factor of 143 and 44?
11
Calculate the greatest common factor of 315 and 63.
63
What is the greatest common factor of 16 and 1544?
8
What is the highest common divisor of 650 and 234?
26
What is the highest common divisor of 81 and 1269?
27
What is the highest common factor of 84 and 12?
12
Calculate the greatest common factor of 30 and 354.
6
What is the greatest common factor of 492 and 369?
123
What is the greatest common factor of 6798 and 132?
66
What is the greatest common factor of 7282 and 198?
22
What is the highest common factor of 328 and 1025?
41
Calculate the highest common divisor of 437 and 161.
23
What is the highest common factor of 27 and 63?
9
What is the highest common divisor of 81 and 162?
81
What is the highest common divisor of 924 and 48?
12
Calculate the greatest common divisor of 120 and 680.
40
Calculate the highest common factor of 7940 and 20.
20
Calculate the highest common factor of 336 and 192.
48
What is the greatest common factor of 95 and 38?
19
Calculate the highest common divisor of 19 and 8531.
19
Calculate the highest common factor of 47 and 74401.
47
Calculate the greatest common divisor of 1456 and 78.
26
Calculate the highest common factor of 16 and 208.
16
What is the greatest common factor of 84840 and 303?
303
What is the greatest common divisor of 3443 and 11?
11
Calculate the highest common factor of 59 and 1357.
59
What is the greatest common factor of 218 and 44254?
218
What is the greatest common divisor of 48 and 2?
2
What is the highest common factor of 2542 and 558?
62
What is the greatest common factor of 14 and 12544?
14
What is the highest common factor of 675 and 150?
75
What is the greatest common factor of 4 and 212?
4
Calculate the greatest common factor of 124 and 2108.
124
Calculate the greatest common divisor of 64662 and 78.
78
What is the greatest common factor of 846 and 1316?
94
What is the highest common divisor of 451 and 33?
11
Calculate the highest common factor of 65 and 25.
5
What is the greatest common factor of 558 and 1457?
31
Calculate the greatest common factor of 72 and 99.
9
What is the highest common factor of 5096 and 91?
91
What is the highest common factor of 224 and 14?
14
What is the greatest common factor of 931 and 38?
19
What is the highest common factor of 71 and 71?
71
Calculate the greatest common factor of 920 and 320.
40
Calculate the greatest common factor of 285 and 665.
95
What is the highest common divisor of 472 and 16?
8
What is the greatest common divisor of 66 and 12?
6
Calculate the highest common factor of 273 and 56.
7
Calculate the highest common factor of 98 and 14.
14
What is the greatest common factor of 1212 and 24?
12
Calculate the greatest common factor of 572 and 836.
44
Calculate the greatest common divisor of 438 and 18.
6
What is the highest common factor of 66 and 330?
66
What is the highest common factor of 2163 and 168?
21
What is the highest common factor of 166 and 2241?
83
What is the greatest common factor of 80 and 6620?
20
What is the highest common factor of 63 and 315?
63
What is the highest common divisor of 252 and 28?
28
Calculate the greatest common factor of 10090 and 5.
5
What is the highest common factor of 24 and 300?
12
What is the highest common divisor of 54 and 99?
9
Calculate the highest common divisor of 42 and 70.
14
Calculate the greatest common factor of 432 and 1584.
144
Calculate the greatest common divisor of 1037 and 391.
17
What is the highest common divisor of 1650 and 4730?
110
Calculate the greatest common divisor of 57 and 152.
19
What is the greatest common divisor of 594 and 54?
54
Calculate the highest common factor of 406 and 56.
14
Calculate the greatest common divisor of 10 and 5890.
10
Calculate the greatest common factor of 1825 and 876.
73
Calculate the greatest common factor of 171 and 456.
57
Calculate the highest common fa